65999 prime?
True
Is 21403881493 composite?
False
Is 5498376281 a prime number?
True
Is 639775271 a prime number?
True
Is 1072382807 a composite number?
False
Is 9099786113 prime?
False
Is 6363255137 a prime number?
True
Is 38145460471 a composite number?
False
Is 1173670591 a composite number?
False
Is 2099724923 composite?
True
Is 10603501949 prime?
False
Is 2957852717 prime?
True
Is 720076373 composite?
False
Is 233020457 prime?
True
Is 131296393 composite?
False
Is 343475168761 prime?
True
Is 74464988857 prime?
False
Is 8960676799 a prime number?
True
Is 816678299 a composite number?
True
Is 5792020237 prime?
True
Is 30520064269 composite?
True
Is 10893828653 a composite number?
True
Is 28289516039 a composite number?
True
Is 22313560235 prime?
False
Is 16774170911 a prime number?
True
Is 22902590209 a prime number?
False
Is 3181854517 a prime number?
True
Is 4786990103 a composite number?
True
Is 165929714 a prime number?
False
Is 559516147 a prime number?
False
Is 733335167 composite?
True
Is 1493780131 a prime number?
True
Is 26333966537 prime?
True
Is 3645131309 a composite number?
True
Is 311852939 a prime number?
True
Is 4241562079 prime?
True
Is 731278837 a composite number?
True
Is 984638183 prime?
False
Is 5461223 prime?
False
Is 1297260331 composite?
False
Is 1972268413 composite?
True
Is 6860181083 a prime number?
False
Is 2999776237 a composite number?
False
Is 3525148871 composite?
False
Is 18377788823 prime?
False
Is 228260639 a composite number?
True
Is 438169463 a prime number?
True
Is 1369663433 composite?
True
Is 9220123987 a prime number?
True
Is 50935206587 a composite number?
False
Is 1420480181 prime?
False
Is 130496622067 a composite number?
True
Is 7298020409 composite?
False
Is 4151193209 a prime number?
False
Is 21794128003 composite?
False
Is 9360481313 a composite number?
True
Is 404869217 a prime number?
False
Is 27865239559 a prime number?
True
Is 309574973 a composite number?
False
Is 224405593831 a prime number?
False
Is 1008816757 a composite number?
True
Is 10593786095 composite?
True
Is 628536431 a composite number?
False
Is 61627842503 composite?
True
Is 10660481263 a composite number?
True
Is 42697460719 a composite number?
False
Is 71600866957 a composite number?
False
Is 91244439599 prime?
True
Is 11848051 composite?
True
Is 63762787049 a prime number?
False
Is 1466623811 prime?
True
Is 34423285229 a composite number?
True
Is 16623873313 a composite number?
False
Is 443968169 a prime number?
False
Is 7146583007 prime?
False
Is 116348107 prime?
False
Is 8720829251 a composite number?
True
Is 22720722491 a prime number?
True
Is 263819939 a prime number?
False
Is 45192372919 composite?
True
Is 7353054143 composite?
True
Is 34938793291 composite?
False
Is 14356936439 a prime number?
True
Is 2762102471 prime?
True
Is 1618575239 a prime number?
False
Is 80158389557 composite?
True
Is 9428425073 a prime number?
True
Is 26511457309 a prime number?
True
Is 9706110191 composite?
False
Is 7863110909 a composite number?
True
Is 2474214859 composite?
True
Is 9566652401 composite?
True
Is 771646039 a prime number?
True
Is 18597364703 a prime number?
True
Is 5896992773 prime?
False
Is 44050499 a prime number?
False
Is 155126401 a composite number?
True
Is 24868897181 prime?
True
Is 4835607593 a composite number?
False
Is 15329640713 prime?
True
Is 29424326797 a prime number?
False
Is 17989811891 a prime number?
True
Is 189174527 a composite number?
False
Is 1901196617 composite?
False
Is 94561139 a prime number?
True
Is 17048084527 a prime number?
True
Is 890082299 a composite number?
False
Is 6137766451 composite?
True
Is 463428137 a composite number?
False
Is 211075849 a composite number?
True
Is 60489359257 a prime number?
False
Is 9284478779 composite?
True
Is 28352669889 a prime number?
False
Is 30188315753 a composite number?
True
Is 1040436461 composite?
False
Is 5642100497 a composite number?
True
Is 241662437 a composite number?
False
Is 203567779741 a prime number?
True
Is 53645129201 composite?
False
Is 27544092827 a prime number?
False
Is 67483784833 a prime number?
True
Is 29789270159 composite?
True
Is 256662421 composite?
False
Is 541866191 a composite number?
True
Is 1250469349 prime?
True
Is 65192713961 a prime number?
False
Is 140566423 a prime number?
True
Is 35455560209 a prime number?
False
Is 11195383391 composite?
False
Is 806854939 prime?
False
Is 13804160791 a composite number?
False
Is 6857527003 a prime number?
True
Is 1344890819 composite?
False
Is 861697141 a prime number?
True
Is 4460279893 prime?
False
Is 5439310883 composite?
True
Is 288254321 a prime number?
True
Is 2989224869 a prime number?
False
Is 27669419443 composite?
True
Is 166279647902 a prime number?
False
Is 14711253038 prime?
False
Is 42439238741 a prime number?
True
Is 980999897 a prime number?
False
Is 221425349 a composite number?
True
Is 2493423811 a composite number?
False
Is 13547349329 a composite number?
True
Is 78205641691 composite?
True
Is 2405477329 a prime number?
True
Is 107313467699 a composite number?
True
Is 26923911121 composite?
True
Is 2451818563 prime?
True
Is 180479931857 a prime number?
False
Is 20584633 prime?
False
Is 44341936753 prime?
False
Is 14567641643 prime?
False
Is 6397962281 prime?
False
Is 98726783 a prime number?
False
Is 4114828943 a composite number?
False
Is 3071896319 a composite number?
False
Is 5156277493 prime?
True
Is 222967321 composite?
False
Is 22799183863 a prime number?
True
Is 322742117549 a prime number?
True
Is 3908032753 prime?
False
Is 311676523 a composite number?
False
Is 19767650389 a prime number?
True
Is 1766718559 prime?
True
Is 23916139489 a prime number?
False
Is 619467419 a composite number?
True
Is 27962979043 prime?
True
Is 503087891 a composite number?
False
Is 984589517 a composite number?
False
Is 4451188177 a prime number?
False
Is 216927184741 prime?
False
Is 69249872746 a composite number?
True
Is 401041097 composite?
True
Is 10118734207 a composite number?
True
Is 119277473477 a composite number?
False
Is 73436648239 prime?
False
Is 49300900043 prime?
False
Is 11868936451 composite?
False
Is 1533925313 prime?
True
Is 130598659 a prime number?
True
Is 104974907 a composite number?
False
Is 269166257 prime?
False
Is 1430398357 composite?
False
Is 74900159 a prime number?
True
Is 20972260807 composite?
True
Is 664133759 composite?
False
Is 386593424359 a composite number?
True
Is 1366539529 composite?
True
Is 208529645 prime?
False
Is 3796922723 prime?
False
Is 129686807 a prime number?
True
Is 221283683 composite?
True
Is 42555221 a composite number?
True
Is 2804802431 a composite number?
False
Is 1063626463 a composite number?
True
Is 71605696727 composite?
False
Is 4024919627 prime?
False
Is 1438827907 a composite number?
True
Is 235703647 a prime number?
True
Is 1014629983 a prime number?
True
Is 26906671361 composite?
False
Is 2395100177 a composite number?
False
Is 66868406393 a composite number?
True
Is 504396887 composite?
False
Is 8839923233 prime?
False
Is 19577010197 prime?
True
Is 296812861 a prime number?
False
Is 1749784237 composite?
True
Is 496030067 a prime number?
False
Is 1889297359 composite?
False
Is 48886247191 prime?
True
Is 13296826759 prime?
True
Is 2463307807 a prime number?
True
Is 2291765899 a composite number?
False
Is 1244836991 composite?
True
Is 424921139 a composite number?
False
Is 4737357461 composite?
True
Is 1432122047 a prime number?
True
Is 704080541 a composite number?
True
Is 11108406857 composite?
True
Is 119849033 composite?
False
Is 4559744481 a composite number?
True
Is 53427475043 a prime number?
True
Is 659567423 a prime number?
False
Is 4301593099 composite?
False
Is 87271328861 a composite number?
False
Is 2755313047 composite?
False
Is 1988727179 a prime number?
False
Is 676632289 a composite number?
True
Is 5167672289 composite?
True
Is 8981013029 a prime number?
True
Is 22463362241 prime?
True
Is 11795503081 a composite number?
False
Is 60063581 a prime number?
False
Is 478774189 composite?
True
Is 16351492247 composite?
False
Is 30460457465 a composite number?
True
Is 1095743443 composite?
False
Is 3843087737 a prime number?
True
Is 4742134331 prime?
False
Is 42109843 composite?
False
Is 110345270